5). What is the tens digit of o(p)?
2
Suppose 27*h = 233994 + 185289. What is the thousands digit of h?
5
Let i(q) = 28*q - 73. Let m(v) = 8*v**3 - 17*v - 32. Let j(g) = 3*g**3 - 6*g - 11. Let o(t) = 11*j(t) - 4*m(t). Let s be o(0). What is the tens digit of i(s)?
2
Let i(u) = -65 + 125 + 4*u - 56 - 13*u**3 - 9*u**3 + 2*u**2. What is the tens digit of i(-2)?
8
Let u be (-12)/(-9)*261/6. Let m(x) = -1 - 65*x + 30*x - 2 - u*x. What is the tens digit of m(-1)?
9
Suppose 18107 = 2*o - 5*s - 15765, -50775 = -3*o + 2*s. What is the ten thousands digit of o?
1
Suppose 5*b = 3*u + 41313, 4*b - 18077 = -2*u + 14947. What is the thousands digit of b?
8
Let t be (168/(-98))/((-4)/14). What is the tens digit of ((-10)/t)/(8/(-216))?
4
Let z(m) be the second derivative of m**5/4 + m**4/12 + m**3 + m**2 + m + 35. What is the hundreds digit of z(4)?
3
Let t be 1*(-2)/(-3) - (-22820)/420. Suppose -5*a = 5, -y = -4*y + 4*a + t. What is the tens digit of y?
1
Let p(v) = -7*v - 27. Let u be p(-5). What is the tens digit of u/12 + 457/3?
5
Let z(a) be the first derivative of -a**4/4 - 16*a**3/3 + 9*a**2/2 + 17*a + 15. What is the hundreds digit of z(-17)?
1
What is the tens digit of 3 - (-2 + -22736 + -8)?
4
Let v(g) = -3*g**3 - g. Let y be v(1). Suppose 0 = 15*i - i - 294. What is the tens digit of (-4)/(-8)*y/(-2)*i?
2
What is the tens digit of (0 - 4/7)/(20/(-152670))?
6
Let b = 31073 + 6352. What is the hundreds digit of b?
4
Let a(i) = -4*i**2 + 9*i + 9. Let j(s) = -5*s**2 + 9*s + 9. Let y(t) = 6*a(t) - 5*j(t). Let m be y(-8). What is the units digit of 7 - -22 - ((-1)/m - -1)?
9
Suppose 0 = t - p - 11, 4*t - 32 = 3*p - 2*p. Suppose 4*k - t = 1. Suppose -2*v - 5*l + 199 = 0, -3*v + k*l + 321 - 13 = 0. What is the units digit of v?
2
Suppose 3*r + 7564 + 5699 = z, 5*r = 4*z - 53045. What is the thousands digit of z?
3
What is the ten thousands digit of (2*6/10)/(46/848585)?
2
Let c(j) be the second derivative of -j**4/12 - j**3/3 + 16*j**2 + 15*j. Let i be c(0). What is the tens digit of 1840/34 + i/(-272)?
5
Let w = -982 + 401. Let p = -445 - w. What is the hundreds digit of p?
1
What is the tens digit of 49708 + ((-1392)/(-60) + -22)*(-10)/(-3)?
1
Let a = -1755 + 5920. What is the thousands digit of a?
4
Let z(v) = -v**3 - 5*v**2 - 4*v - 48. Let y be z(-7). Suppose -8*o + 10*o + 158 = 2*f, f - 2*o - y = 0. What is the units digit of f?
0
Suppose -3*f - 6 = 0, -2*f + 766 = 2*g - 540. What is the tens digit of g?
5
Suppose -2*z = -3*z + 4. Let o be (-4 + z - -3)*(-22)/(-6). What is the units digit of (1 - -92)/(-10 + o)?
3
Let g = 869 + -1313. Let k = g - -742. What is the hundreds digit of k?
2
Let x(u) = -2*u**3 + u**2 + 2*u + 96. Suppose -i + 10*i + 2*i = 0. Let d be x(i). Let c = 174 - d. What is the tens digit of c?
7
Let s be 10518/11 - 6/33. Suppose -5*a - 2*t = 3*t + 15, a = -3*t - 3. What is the units digit of s/20 - (a - 14/(-5))?
8
Suppose 332*o = 4130445 + 8584769 - 2367770. What is the ten thousands digit of o?
3
Let j(a) = -3*a**2 + 1. Let u(s) = 37*s**2 - 2*s - 6. Let h(b) = 5*j(b) + u(b). What is the units digit of h(-1)?
3
Suppose b - 822*t - 26241 = -826*t, 3*t + 3 = 0. What is the units digit of b?
5
What is the ten thousands digit of 35396 + (12 + 4 - 18)?
3
Suppose 8*z - 39 = -15. Suppose z*j - 3*h = 1638, 153 = j - 3*h - 401. What is the hundreds digit of j?
5
Let f = -3032 + 1825. Let q = 1854 + f. What is the tens digit of q?
4
Let d(f) = 5*f**2 - 18*f + 18. Let z be d(7). Let j = 570 - 323. Let x = j - z. What is the hundreds digit of x?
1
Let d(f) = -f**2 + 100*f - 60. Let w be d(31). Suppose -4173 = -4*r - 0*l + l, l - w = -2*r. What is the units digit of r?
2
Let r = -9 + 1. Let d(y) = -y**3 - 7*y**2 - 6*y - 13. Let w(s) = -2*s**3 - 13*s**2 - 11*s - 27. Let h(a) = -5*d(a) + 2*w(a). What is the units digit of h(r)?
1
Let v be (78/4)/((-7)/98). Let p = v - -27. Let u = p + 344. What is the tens digit of u?
9
Let r be 1/(-7) + 1375/(-77). Let p(g) = -5*g - 56. What is the tens digit of p(r)?
3
Let m be (-187 + 5)/((-8)/4). Let j = -87 + m. Suppose 2*c + j*x + 18 - 192 = 0, 5*c - x = 380. What is the units digit of c?
7
Let j(k) = 6*k**2 - 6*k + 14. Let s be j(13). Suppose 4*t - 6 - 2 = 0, 2*c + t - s = 0. What is the tens digit of c?
7
Let r = 380 - 221. What is the hundreds digit of (-1 + r/5)/(44/880)?
6
Suppose 33*v + 3877 = 742. Let g(u) = 47*u**2 + 3*u + 1. Let k be g(-2). Let j = k + v. What is the units digit of j?
8
Suppose 3*f = -4*b - 197, f + 255 = -5*b + 6*f. Let k = 84 - 18. Let p = b + k. What is the units digit of p?
6
Suppose 7*i + 4*x - 36 = 3*i, -4*i + 21 = x. What is the units digit of (-3051)/(-108) + 3/i?
9
Let c be 6/2 + (-2)/(-2)*0. Suppose -5*k - 3 + 48 = -5*d, 0 = -c*d - 15. Suppose 6*q + 5*w = k*q + 46, 4*q - 110 = -w. What is the units digit of q?
8
Let a = -26 + 33. Suppose -15*z + a*z = -624. Suppose z + 102 = 4*o. What is the tens digit of o?
4
Suppose 13*b - 13829 = -5769 + 40885. What is the hundreds digit of b?
7
Suppose -3*f + 8 + 4 = 0. Suppose x - 177 = -f*m, -m + 4*x + 2 = -55. What is the units digit of m?
5
Let u(f) = 114*f + 3929. What is the tens digit of u(10)?
6
Suppose -v = -4*v. Suppose i - 37 + 129 = v. Let j = i - -215. What is the tens digit of j?
2
Suppose h + a = 531 + 2409, 2*a = 4*h - 11784. What is the units digit of h?
4
Let m = 132 - 289. Let a = -347 - m. What is the units digit of ((-15)/(-6))/((-5)/a) + -2?
3
Let c be (-1)/(-2) - (-91)/2. Suppose -4*t = 2*i - c - 0, 5*i - 15 = 0. Let n(v) = 2*v**2 - 13*v - 18. What is the units digit of n(t)?
2
Suppose n - 158 = -2*l, -5*l - 122 = -5*n - 547. Suppose q - l = -2*q. Suppose -7*k + 8*k - q = 0. What is the tens digit of k?
2
Let i(r) = -23*r - 27. Let w be i(-3). Let n be (-1)/(-2) + 8/(-16). Suppose 3*t = -3*g + w, t = 3*g - n + 2. What is the units digit of t?
1
Suppose p + 179789 - 32568 = 5*k, -2*k - 3*p = -58868. What is the ten thousands digit of k?
2
Let m = 12897 - 5436. What is the hundreds digit of m?
4
Let p = 11634 - 8125. What is the tens digit of p?
0
Let c(n) = -n**2 - 9*n - 22. Let r(b) = 5*b**2 + 44*b + 110. Let m(y) = -11*c(y) - 2*r(y). Let p be m(-10). What is the hundreds digit of 206*2*(9/p)/3?
1
What is the thousands digit of 0 + 19572 - (-4 - (-20 + 22))?
9
Let a(j) = -72*j**3 + 17*j**2 - 304*j - 2162. What is the thousands digit of a(-7)?
5
Let f = -3996 + 13734. What is the tens digit of f?
3
Suppose 15*l - 24 = 12*l. Suppose -l*h + 26 + 78 = 0. Suppose a + 2964 = h*a. What is the tens digit of a?
4
Let k(i) = -i**2 - 22. Let z be k(8). Let l = 722 + z. Suppose 14*h - 10*h - l = 0. What is the units digit of h?
9
Let a = 3510 - 1365. Suppose -25*g = -30*g + a. What is the hundreds digit of g?
4
Let r(m) = 1355*m**2 + 20*m + 76. What is the units digit of r(-3)?
1
Suppose t - 379 = 5*b - 72, -174 = 3*b - 4*t. Let m = b + 204. Let g = 348 - m. What is the tens digit of g?
0
Suppose 5*j + m + 176 = 0, -3*j + 5*m + 39 = 139. What is the tens digit of (-10)/j - ((-36900)/21)/3?
8
Let t = -206 + 209. Suppose 5*w = -c + 2069, 4*w - t*c - 1655 = -4*c. What is the hundreds digit of w?
4
What is the hundreds digit of (6158 - (-5)/5)*(-100)/(-30)?
5
Let y(w) = -4*w + 3. Let p be y(7). Let o be -1*355*15/p. Suppose -106 - o = -11*g. What is the units digit of g?
9
Suppose -1381*d = -1344*d - 1730675. What is the thousands digit of d?
6
Let a be 0/((-12)/(7 - 3)). Let u be (a - 0)*3/18*-3. Suppose u = 3*v - 264 - 78. What is the hundreds digit of v?
1
Let q = -142 - -212. Let g be (9/(-15))/((-21)/q). Suppose -f + p = -p - 129, -g*p - 540 = -4*f. What is the tens digit of f?
3
Suppose 5*o = 2*s + 217, 2*o + 0*s = s + 86. Let m = -44 + o. Suppose -2*k + 4*u + 20 = 0, u = 2*u + m. What is the units digit of k?
8
Suppose 3*v = 6, 6*s - s - 12 = 4*v. Suppose -u + 2392 = s*t + 3*u, 5*u + 2419 = 4*t. What is the tens digit of t?
0
Suppose -22*b + 21376 = -34086. Suppose -3*m - 3*o + 1890 = 0, -4*m - 19*o + b = -14*o. What is the hundreds digit of m?
6
Suppose -18*t = -38693 - 347749. What is the ten thousands digit of t?
2
Let n(l) = -l**3 - 11*l**2 - 16*l + 21. Let w be n(-9). Suppose 0*c + 236 = 4*j - w*c, j + c = 52. What is the tens digit of j?
5
Let h = -356 - -360. What is the units digit of 211887/171 + h/(-38)?
